{"id":14586,"date":"2021-12-22T09:07:00","date_gmt":"2021-12-22T09:07:00","guid":{"rendered":"https:\/\/www.les-balcons.com\/les-balcons-platinium-val-cenis\/"},"modified":"2024-08-27T11:58:21","modified_gmt":"2024-08-27T11:58:21","slug":"les-balcons-platinium-val-cenis","status":"publish","type":"page","link":"https:\/\/www.les-balcons.com\/en\/les-balcons-platinium-val-cenis\/","title":{"rendered":"Les Balcons Platinium Val Cenis"},"content":{"rendered":"\n\n<p><\/p>\n<p>[\/et_pb_text][\/et_pb_column][\/et_pb_row][\/et_pb_section]<\/p>","protected":false},"excerpt":{"rendered":"<p>[\/et_pb_text][\/et_pb_column][\/et_pb_row][\/et_pb_section]<\/p>\n","protected":false},"author":2,"featured_media":14597,"parent":0,"menu_order":0,"comment_status":"closed","ping_status":"closed","template":"template-galleries.php","meta":{"_acf_changed":false,"_uag_custom_page_level_css":"","footnotes":""},"class_list":["post-14586","page","type-page","status-publish","has-post-thumbnail","hentry"],"acf":[],"yoast_head":"<!-- This site is optimized with the Yoast SEO plugin v27.4 - https:\/\/yoast.com\/product\/yoast-seo-wordpress\/ -->\n<title>Les Balcons Platinium Val Cenis<\/title>\n<meta name=\"robots\" content=\"noindex, nofollow\" \/>\n<meta property=\"og:locale\" content=\"en_US\" \/>\n<meta property=\"og:type\" content=\"article\" \/>\n<meta property=\"og:title\" content=\"Les Balcons Platinium Val Cenis\" \/>\n<meta property=\"og:url\" content=\"https:\/\/www.les-balcons.com\/en\/les-balcons-platinium-val-cenis\/\" \/>\n<meta property=\"og:site_name\" content=\"Les Balcons \u2013 R\u00e9sidences et s\u00e9jours Alpes du Nord\" \/>\n<meta property=\"article:modified_time\" content=\"2024-08-27T11:58:21+00:00\" \/>\n<meta property=\"og:image\" content=\"https:\/\/www.les-balcons.com\/wp-content\/uploads\/hiver\/categories-galeries\/la-residence\/14-lesbalcons-platinium(c)manureyboz.jpg\" \/>\n\t<meta property=\"og:image:width\" content=\"2048\" \/>\n\t<meta property=\"og:image:height\" content=\"1365\" \/>\n\t<meta property=\"og:image:type\" content=\"image\/jpeg\" \/>\n<meta name=\"twitter:card\" content=\"summary_large_image\" \/>\n<meta name=\"twitter:label1\" content=\"Est. reading time\" \/>\n\t<meta name=\"twitter:data1\" content=\"1 minute\" \/>\n<script type=\"application\/ld+json\" class=\"yoast-schema-graph\">{\"@context\":\"https:\\\/\\\/schema.org\",\"@graph\":[{\"@type\":\"WebPage\",\"@id\":\"https:\\\/\\\/www.les-balcons.com\\\/en\\\/les-balcons-platinium-val-cenis\\\/\",\"url\":\"https:\\\/\\\/www.les-balcons.com\\\/en\\\/les-balcons-platinium-val-cenis\\\/\",\"name\":\"Les Balcons Platinium Val Cenis\",\"isPartOf\":{\"@id\":\"https:\\\/\\\/www.les-balcons.com\\\/en\\\/#website\"},\"primaryImageOfPage\":{\"@id\":\"https:\\\/\\\/www.les-balcons.com\\\/en\\\/les-balcons-platinium-val-cenis\\\/#primaryimage\"},\"image\":{\"@id\":\"https:\\\/\\\/www.les-balcons.com\\\/en\\\/les-balcons-platinium-val-cenis\\\/#primaryimage\"},\"thumbnailUrl\":\"https:\\\/\\\/www.les-balcons.com\\\/wp-content\\\/uploads\\\/hiver\\\/categories-galeries\\\/la-residence\\\/14-lesbalcons-platinium(c)manureyboz.jpg\",\"datePublished\":\"2021-12-22T09:07:00+00:00\",\"dateModified\":\"2024-08-27T11:58:21+00:00\",\"breadcrumb\":{\"@id\":\"https:\\\/\\\/www.les-balcons.com\\\/en\\\/les-balcons-platinium-val-cenis\\\/#breadcrumb\"},\"inLanguage\":\"en-US\",\"potentialAction\":[{\"@type\":\"ReadAction\",\"target\":[\"https:\\\/\\\/www.les-balcons.com\\\/en\\\/les-balcons-platinium-val-cenis\\\/\"]}]},{\"@type\":\"ImageObject\",\"inLanguage\":\"en-US\",\"@id\":\"https:\\\/\\\/www.les-balcons.com\\\/en\\\/les-balcons-platinium-val-cenis\\\/#primaryimage\",\"url\":\"https:\\\/\\\/www.les-balcons.com\\\/wp-content\\\/uploads\\\/hiver\\\/categories-galeries\\\/la-residence\\\/14-lesbalcons-platinium(c)manureyboz.jpg\",\"contentUrl\":\"https:\\\/\\\/www.les-balcons.com\\\/wp-content\\\/uploads\\\/hiver\\\/categories-galeries\\\/la-residence\\\/14-lesbalcons-platinium(c)manureyboz.jpg\",\"width\":2048,\"height\":1365},{\"@type\":\"BreadcrumbList\",\"@id\":\"https:\\\/\\\/www.les-balcons.com\\\/en\\\/les-balcons-platinium-val-cenis\\\/#breadcrumb\",\"itemListElement\":[{\"@type\":\"ListItem\",\"position\":1,\"name\":\"Homepage\",\"item\":\"https:\\\/\\\/www.les-balcons.com\\\/en\\\/fr\\\/\"},{\"@type\":\"ListItem\",\"position\":2,\"name\":\"Les Balcons Platinium Val Cenis\"}]},{\"@type\":\"WebSite\",\"@id\":\"https:\\\/\\\/www.les-balcons.com\\\/en\\\/#website\",\"url\":\"https:\\\/\\\/www.les-balcons.com\\\/en\\\/\",\"name\":\"Les Balcons \u2013 R\u00e9sidences et s\u00e9jours Alpes du Nord\",\"description\":\"10 \u00e9tablissements, H\u00f4tel et R\u00e9sidences pour vos vacances \u00e0 la montagne\",\"publisher\":{\"@id\":\"https:\\\/\\\/www.les-balcons.com\\\/en\\\/#organization\"},\"potentialAction\":[{\"@type\":\"SearchAction\",\"target\":{\"@type\":\"EntryPoint\",\"urlTemplate\":\"https:\\\/\\\/www.les-balcons.com\\\/en\\\/?s={search_term_string}\"},\"query-input\":{\"@type\":\"PropertyValueSpecification\",\"valueRequired\":true,\"valueName\":\"search_term_string\"}}],\"inLanguage\":\"en-US\"},{\"@type\":\"Organization\",\"@id\":\"https:\\\/\\\/www.les-balcons.com\\\/en\\\/#organization\",\"name\":\"Les Balcons\",\"url\":\"https:\\\/\\\/www.les-balcons.com\\\/en\\\/\",\"logo\":{\"@type\":\"ImageObject\",\"inLanguage\":\"en-US\",\"@id\":\"https:\\\/\\\/www.les-balcons.com\\\/en\\\/#\\\/schema\\\/logo\\\/image\\\/\",\"url\":\"https:\\\/\\\/les-balcons.com\\\/wp-content\\\/uploads\\\/communs\\\/logos-et-gammes\\\/logo-les-balcons-base.png\",\"contentUrl\":\"https:\\\/\\\/les-balcons.com\\\/wp-content\\\/uploads\\\/communs\\\/logos-et-gammes\\\/logo-les-balcons-base.png\",\"width\":3508,\"height\":2481,\"caption\":\"Les Balcons\"},\"image\":{\"@id\":\"https:\\\/\\\/www.les-balcons.com\\\/en\\\/#\\\/schema\\\/logo\\\/image\\\/\"}}]}<\/script>\n<!-- \/ Yoast SEO plugin. -->","yoast_head_json":{"title":"Les Balcons Platinium Val Cenis","robots":{"index":"noindex","follow":"nofollow"},"og_locale":"en_US","og_type":"article","og_title":"Les Balcons Platinium Val Cenis","og_url":"https:\/\/www.les-balcons.com\/en\/les-balcons-platinium-val-cenis\/","og_site_name":"Les Balcons \u2013 R\u00e9sidences et s\u00e9jours Alpes du Nord","article_modified_time":"2024-08-27T11:58:21+00:00","og_image":[{"width":2048,"height":1365,"url":"https:\/\/www.les-balcons.com\/wp-content\/uploads\/hiver\/categories-galeries\/la-residence\/14-lesbalcons-platinium(c)manureyboz.jpg","type":"image\/jpeg"}],"twitter_card":"summary_large_image","twitter_misc":{"Est. reading time":"1 minute"},"schema":{"@context":"https:\/\/schema.org","@graph":[{"@type":"WebPage","@id":"https:\/\/www.les-balcons.com\/en\/les-balcons-platinium-val-cenis\/","url":"https:\/\/www.les-balcons.com\/en\/les-balcons-platinium-val-cenis\/","name":"Les Balcons Platinium Val Cenis","isPartOf":{"@id":"https:\/\/www.les-balcons.com\/en\/#website"},"primaryImageOfPage":{"@id":"https:\/\/www.les-balcons.com\/en\/les-balcons-platinium-val-cenis\/#primaryimage"},"image":{"@id":"https:\/\/www.les-balcons.com\/en\/les-balcons-platinium-val-cenis\/#primaryimage"},"thumbnailUrl":"https:\/\/www.les-balcons.com\/wp-content\/uploads\/hiver\/categories-galeries\/la-residence\/14-lesbalcons-platinium(c)manureyboz.jpg","datePublished":"2021-12-22T09:07:00+00:00","dateModified":"2024-08-27T11:58:21+00:00","breadcrumb":{"@id":"https:\/\/www.les-balcons.com\/en\/les-balcons-platinium-val-cenis\/#breadcrumb"},"inLanguage":"en-US","potentialAction":[{"@type":"ReadAction","target":["https:\/\/www.les-balcons.com\/en\/les-balcons-platinium-val-cenis\/"]}]},{"@type":"ImageObject","inLanguage":"en-US","@id":"https:\/\/www.les-balcons.com\/en\/les-balcons-platinium-val-cenis\/#primaryimage","url":"https:\/\/www.les-balcons.com\/wp-content\/uploads\/hiver\/categories-galeries\/la-residence\/14-lesbalcons-platinium(c)manureyboz.jpg","contentUrl":"https:\/\/www.les-balcons.com\/wp-content\/uploads\/hiver\/categories-galeries\/la-residence\/14-lesbalcons-platinium(c)manureyboz.jpg","width":2048,"height":1365},{"@type":"BreadcrumbList","@id":"https:\/\/www.les-balcons.com\/en\/les-balcons-platinium-val-cenis\/#breadcrumb","itemListElement":[{"@type":"ListItem","position":1,"name":"Homepage","item":"https:\/\/www.les-balcons.com\/en\/fr\/"},{"@type":"ListItem","position":2,"name":"Les Balcons Platinium Val Cenis"}]},{"@type":"WebSite","@id":"https:\/\/www.les-balcons.com\/en\/#website","url":"https:\/\/www.les-balcons.com\/en\/","name":"Les Balcons \u2013 R\u00e9sidences et s\u00e9jours Alpes du Nord","description":"10 \u00e9tablissements, H\u00f4tel et R\u00e9sidences pour vos vacances \u00e0 la montagne","publisher":{"@id":"https:\/\/www.les-balcons.com\/en\/#organization"},"potentialAction":[{"@type":"SearchAction","target":{"@type":"EntryPoint","urlTemplate":"https:\/\/www.les-balcons.com\/en\/?s={search_term_string}"},"query-input":{"@type":"PropertyValueSpecification","valueRequired":true,"valueName":"search_term_string"}}],"inLanguage":"en-US"},{"@type":"Organization","@id":"https:\/\/www.les-balcons.com\/en\/#organization","name":"Les Balcons","url":"https:\/\/www.les-balcons.com\/en\/","logo":{"@type":"ImageObject","inLanguage":"en-US","@id":"https:\/\/www.les-balcons.com\/en\/#\/schema\/logo\/image\/","url":"https:\/\/les-balcons.com\/wp-content\/uploads\/communs\/logos-et-gammes\/logo-les-balcons-base.png","contentUrl":"https:\/\/les-balcons.com\/wp-content\/uploads\/communs\/logos-et-gammes\/logo-les-balcons-base.png","width":3508,"height":2481,"caption":"Les Balcons"},"image":{"@id":"https:\/\/www.les-balcons.com\/en\/#\/schema\/logo\/image\/"}}]}},"uagb_featured_image_src":{"full":["https:\/\/www.les-balcons.com\/wp-content\/uploads\/hiver\/categories-galeries\/la-residence\/14-lesbalcons-platinium(c)manureyboz.jpg",2048,1365,false],"thumbnail":["https:\/\/www.les-balcons.com\/wp-content\/uploads\/hiver\/categories-galeries\/la-residence\/14-lesbalcons-platinium(c)manureyboz-150x150.jpg",150,150,true],"medium":["https:\/\/www.les-balcons.com\/wp-content\/uploads\/hiver\/categories-galeries\/la-residence\/14-lesbalcons-platinium(c)manureyboz-300x200.jpg",300,200,true],"medium_large":["https:\/\/www.les-balcons.com\/wp-content\/uploads\/hiver\/categories-galeries\/la-residence\/14-lesbalcons-platinium(c)manureyboz-768x512.jpg",768,512,true],"large":["https:\/\/www.les-balcons.com\/wp-content\/uploads\/hiver\/categories-galeries\/la-residence\/14-lesbalcons-platinium(c)manureyboz-1024x683.jpg",1024,683,true],"1536x1536":["https:\/\/www.les-balcons.com\/wp-content\/uploads\/hiver\/categories-galeries\/la-residence\/14-lesbalcons-platinium(c)manureyboz-1536x1024.jpg",1536,1024,true],"2048x2048":["https:\/\/www.les-balcons.com\/wp-content\/uploads\/hiver\/categories-galeries\/la-residence\/14-lesbalcons-platinium(c)manureyboz.jpg",2048,1365,false],"size-365x220":["https:\/\/www.les-balcons.com\/wp-content\/uploads\/hiver\/categories-galeries\/la-residence\/14-lesbalcons-platinium(c)manureyboz-365x220.jpg",365,220,true]},"uagb_author_info":{"display_name":"admin_balcons","author_link":"https:\/\/www.les-balcons.com\/en\/author\/admin_balcons\/"},"uagb_comment_info":0,"uagb_excerpt":"[\/et_pb_text][\/et_pb_column][\/et_pb_row][\/et_pb_section]","post_mailing_queue_ids":[],"_links":{"self":[{"href":"https:\/\/www.les-balcons.com\/en\/wp-json\/wp\/v2\/pages\/14586","targetHints":{"allow":["GET"]}}],"collection":[{"href":"https:\/\/www.les-balcons.com\/en\/wp-json\/wp\/v2\/pages"}],"about":[{"href":"https:\/\/www.les-balcons.com\/en\/wp-json\/wp\/v2\/types\/page"}],"author":[{"embeddable":true,"href":"https:\/\/www.les-balcons.com\/en\/wp-json\/wp\/v2\/users\/2"}],"replies":[{"embeddable":true,"href":"https:\/\/www.les-balcons.com\/en\/wp-json\/wp\/v2\/comments?post=14586"}],"version-history":[{"count":0,"href":"https:\/\/www.les-balcons.com\/en\/wp-json\/wp\/v2\/pages\/14586\/revisions"}],"wp:featuredmedia":[{"embeddable":true,"href":"https:\/\/www.les-balcons.com\/en\/wp-json\/wp\/v2\/media\/14597"}],"wp:attachment":[{"href":"https:\/\/www.les-balcons.com\/en\/wp-json\/wp\/v2\/media?parent=14586"}],"curies":[{"name":"wp","href":"https:\/\/api.w.org\/{rel}","templated":true}]}}

<!-- This site is optimized with the Yoast SEO plugin v27.4 - https://yoast.com/product/yoast-seo-wordpress/ -->
<title>Les Balcons Platinium Val Cenis</title>
<meta name="robots" content="noindex, nofollow" />
<meta property="og:locale" content="en_US" />
<meta property="og:type" content="article" />
<meta property="og:title" content="Les Balcons Platinium Val Cenis" />
<meta property="og:url" content="https://www.les-balcons.com/en/les-balcons-platinium-val-cenis/" />
<meta property="og:site_name" content="Les Balcons – Résidences et séjours Alpes du Nord" />
<meta property="article:modified_time" content="2024-08-27T11:58:21+00:00" />
<meta property="og:image" content="https://www.les-balcons.com/wp-content/uploads/hiver/categories-galeries/la-residence/14-lesbalcons-platinium(c)manureyboz.jpg" />
	<meta property="og:image:width" content="2048" />
	<meta property="og:image:height" content="1365" />
	<meta property="og:image:type" content="image/jpeg" />
<meta name="twitter:card" content="summary_large_image" />
<meta name="twitter:label1" content="Est. reading time" />
	<meta name="twitter:data1" content="1 minute" />
<script type="application/ld+json" class="yoast-schema-graph">{"@context":"https:\/\/schema.org","@graph":[{"@type":"WebPage","@id":"https:\/\/www.les-balcons.com\/en\/les-balcons-platinium-val-cenis\/","url":"https:\/\/www.les-balcons.com\/en\/les-balcons-platinium-val-cenis\/","name":"Les Balcons Platinium Val Cenis","isPartOf":{"@id":"https:\/\/www.les-balcons.com\/en\/#website"},"primaryImageOfPage":{"@id":"https:\/\/www.les-balcons.com\/en\/les-balcons-platinium-val-cenis\/#primaryimage"},"image":{"@id":"https:\/\/www.les-balcons.com\/en\/les-balcons-platinium-val-cenis\/#primaryimage"},"thumbnailUrl":"https:\/\/www.les-balcons.com\/wp-content\/uploads\/hiver\/categories-galeries\/la-residence\/14-lesbalcons-platinium(c)manureyboz.jpg","datePublished":"2021-12-22T09:07:00+00:00","dateModified":"2024-08-27T11:58:21+00:00","breadcrumb":{"@id":"https:\/\/www.les-balcons.com\/en\/les-balcons-platinium-val-cenis\/#breadcrumb"},"inLanguage":"en-US","potentialAction":[{"@type":"ReadAction","target":["https:\/\/www.les-balcons.com\/en\/les-balcons-platinium-val-cenis\/"]}]},{"@type":"ImageObject","inLanguage":"en-US","@id":"https:\/\/www.les-balcons.com\/en\/les-balcons-platinium-val-cenis\/#primaryimage","url":"https:\/\/www.les-balcons.com\/wp-content\/uploads\/hiver\/categories-galeries\/la-residence\/14-lesbalcons-platinium(c)manureyboz.jpg","contentUrl":"https:\/\/www.les-balcons.com\/wp-content\/uploads\/hiver\/categories-galeries\/la-residence\/14-lesbalcons-platinium(c)manureyboz.jpg","width":2048,"height":1365},{"@type":"BreadcrumbList","@id":"https:\/\/www.les-balcons.com\/en\/les-balcons-platinium-val-cenis\/#breadcrumb","itemListElement":[{"@type":"ListItem","position":1,"name":"Homepage","item":"https:\/\/www.les-balcons.com\/en\/fr\/"},{"@type":"ListItem","position":2,"name":"Les Balcons Platinium Val Cenis"}]},{"@type":"WebSite","@id":"https:\/\/www.les-balcons.com\/en\/#website","url":"https:\/\/www.les-balcons.com\/en\/","name":"Les Balcons – Résidences et séjours Alpes du Nord","description":"10 établissements, Hôtel et Résidences pour vos vacances à la montagne","publisher":{"@id":"https:\/\/www.les-balcons.com\/en\/#organization"},"potentialAction":[{"@type":"SearchAction","target":{"@type":"EntryPoint","urlTemplate":"https:\/\/www.les-balcons.com\/en\/?s={search_term_string}"},"query-input":{"@type":"PropertyValueSpecification","valueRequired":true,"valueName":"search_term_string"}}],"inLanguage":"en-US"},{"@type":"Organization","@id":"https:\/\/www.les-balcons.com\/en\/#organization","name":"Les Balcons","url":"https:\/\/www.les-balcons.com\/en\/","logo":{"@type":"ImageObject","inLanguage":"en-US","@id":"https:\/\/www.les-balcons.com\/en\/#\/schema\/logo\/image\/","url":"https:\/\/les-balcons.com\/wp-content\/uploads\/communs\/logos-et-gammes\/logo-les-balcons-base.png","contentUrl":"https:\/\/les-balcons.com\/wp-content\/uploads\/communs\/logos-et-gammes\/logo-les-balcons-base.png","width":3508,"height":2481,"caption":"Les Balcons"},"image":{"@id":"https:\/\/www.les-balcons.com\/en\/#\/schema\/logo\/image\/"}}]}</script>
<!-- / Yoast SEO plugin. -->

Les Balcons – Résidences et séjours Alpes du Nord

10 établissements, Hôtel et Résidences pour vos vacances à la montagne
