{"id":14215,"date":"2021-06-21T12:57:11","date_gmt":"2021-06-21T12:57:11","guid":{"rendered":"https:\/\/www.les-balcons.com\/residence-val-cenis-copy\/"},"modified":"2024-09-17T06:54:20","modified_gmt":"2024-09-17T06:54:20","slug":"val-cenis-residence-summer","status":"publish","type":"page","link":"https:\/\/www.les-balcons.com\/en\/val-cenis-residence-summer\/","title":{"rendered":"Val Cenis Residence Summer"},"content":{"rendered":"<p>Summer is prone to entertainment. It&#8217;s the time of the year when nature thrives. So, enjoy it to have a holiday in the mountains and share unforgettable moments with your love ones. It&#8217;s time for you to discover amazing landscapes, as Val Cenis, savoy resort located in the Haute Maurienne and two steps away from Italy.<br \/>\nDiscover in this article two typical residencies addresses in Val Cenis where it&#8217;s nice to have a relaxing holiday !<\/p>\n<h2>Book your apartment in one of Les Balcons residencies in Val Cenis<\/h2>\n<p>If you want to get away from crowded seaside resorts, away from pollution and tumultuous cities, but mostly get some rest, choose holidays in the mountains with your family this summer. Breathing the fresh air of the mountains will do you good.<\/p>\n<p>It&#8217;s time for you to discover Val Cenis. You can hike in the national park of the Vanoise. You will be seduced by the heritage of the mountain-life like wooden and stone chalet, mountain lakes and gorgeous sunsets on the mountains. You even will be able to gaze at some gorgeous birds, ibex or even marmots. After long hours strolling, the whole family will be able to lay down on a flower field, appreciating the sun rays on your face. Then, you will be able to try visiting some of the historical monuments, alpine farms, where you will learn a bit more about the history and local customs.<\/p>\n<p>Stayin in the mountains during summer have many benefits, but finding easily somewhere to stay is one of the biggest ! Les Balcons are offering you three typical Savoy accommodation possibilities to stay in :<\/p>\n<h3>Les Balcons de Val Cenis Le Haut*** R\u00e9sidence<\/h3>\n<p>Built in a typically Savoy architecture, this residence offers you a gorgeous view on the Dent Parrach\u00e9e peak. In a quiet area, close to every shops, you will be able to organize your family get-together in one of the apartments that can welcome up to 14 persons. Comfy, you will enjoy being this well installed in your apartment and the residence also has two saunas and a fitness room. For more relaxation, you also have a free access to the Gli\u00e8re&#8217;s park swimming-pool.<\/p>\n<h3>Les Balcons de Val Cenis Village**** R\u00e9sidence<\/h3>\n<p>At the feet of the hiking paths starts, this residence have many warm and welcoming apartments. Welcoming up to 16 persons, you will be able to organize your get together with your friends or your family without struggles. An access to Les Balcons Platinium***** Val Cenis residence wellness area allow you to enjoy the pleasure of swimming. You&#8217;ll go back home relaxed like never.<\/p>\n<h3>Les Balcons Platinium***** Val Cenis residence<\/h3>\n<p>Located just near Les Balcons de Val Cenis Village residence is the brand new Les Balcons residence. This 5 star residence (first one in Maurienne, please) is welcoming you for your holidays with your friends or your significant other to enjoy holidays in the mountains. At the feet of the hiking paths start, you&#8217;re in the heart of Lanslevillard village and can enjoy the wide range of activities offered by Lanslevillard while also enjoying the luxury and the serenity of the apartments.<\/p>\n<h4>Go in the mountains this summer with Les Balcons de Val Cenis<\/h4>\n<p>To organize your summer holidays in the mountains, let Les Balcons help you. Our team are at your disposal for any questions and to help you find the perfect solutions between our many housing possibilities.<\/p>\n<p>So, don&#8217;t wait any longer and stay with us in Les Balcons de Val Cenis for a successful summer !<\/p>\n<hr \/>\n<h5 style=\"text-align: center;\"><a href=\"\/en\/accommodation-rental-val-cenis-summer\/\">See all accommodations in Val Cenis<\/a><\/h5>\n<hr \/>\n","protected":false},"excerpt":{"rendered":"<p>Summer is prone to entertainment. It&#8217;s the time of the year when nature thrives. So, enjoy it to have a holiday in the mountains and share unforgettable moments with your love ones. It&#8217;s time for you to discover amazing landscapes, as Val Cenis, savoy resort located in the Haute Maurienne and two steps away from [&hellip;]<\/p>\n","protected":false},"author":2,"featured_media":0,"parent":0,"menu_order":0,"comment_status":"closed","ping_status":"closed","template":"template-heberegements-filtres.php","meta":{"_acf_changed":false,"_uag_custom_page_level_css":"","footnotes":""},"class_list":["post-14215","page","type-page","status-publish","hentry"],"acf":[],"yoast_head":"<!-- This site is optimized with the Yoast SEO plugin v27.5 - https:\/\/yoast.com\/product\/yoast-seo-wordpress\/ -->\n<title>Val Cenis Residence Summer - Summer holidays in the mountains-accommodation<\/title>\n<meta name=\"description\" content=\"Your summer holidays in a true mountain village spirit. Many services, two cozy residences suitable for families\" \/>\n<meta name=\"robots\" content=\"index, follow, max-snippet:-1, max-image-preview:large, max-video-preview:-1\" \/>\n<link rel=\"canonical\" href=\"https:\/\/www.les-balcons.com\/en\/val-cenis-residence-summer\/\" \/>\n<meta property=\"og:locale\" content=\"en_US\" \/>\n<meta property=\"og:type\" content=\"article\" \/>\n<meta property=\"og:title\" content=\"Val Cenis Residence Summer - Summer holidays in the mountains-accommodation\" \/>\n<meta property=\"og:description\" content=\"Your summer holidays in a true mountain village spirit. Many services, two cozy residences suitable for families\" \/>\n<meta property=\"og:url\" content=\"https:\/\/www.les-balcons.com\/en\/val-cenis-residence-summer\/\" \/>\n<meta property=\"og:site_name\" content=\"Les Balcons \u2013 R\u00e9sidences et s\u00e9jours Alpes du Nord\" \/>\n<meta property=\"article:modified_time\" content=\"2024-09-17T06:54:20+00:00\" \/>\n<meta name=\"twitter:card\" content=\"summary_large_image\" \/>\n<meta name=\"twitter:label1\" content=\"Est. reading time\" \/>\n\t<meta name=\"twitter:data1\" content=\"4 minutes\" \/>\n<script type=\"application\/ld+json\" class=\"yoast-schema-graph\">{\"@context\":\"https:\\\/\\\/schema.org\",\"@graph\":[{\"@type\":\"WebPage\",\"@id\":\"https:\\\/\\\/www.les-balcons.com\\\/en\\\/val-cenis-residence-summer\\\/\",\"url\":\"https:\\\/\\\/www.les-balcons.com\\\/en\\\/val-cenis-residence-summer\\\/\",\"name\":\"Val Cenis Residence Summer - Summer holidays in the mountains-accommodation\",\"isPartOf\":{\"@id\":\"https:\\\/\\\/www.les-balcons.com\\\/en\\\/#website\"},\"datePublished\":\"2021-06-21T12:57:11+00:00\",\"dateModified\":\"2024-09-17T06:54:20+00:00\",\"description\":\"Your summer holidays in a true mountain village spirit. Many services, two cozy residences suitable for families\",\"breadcrumb\":{\"@id\":\"https:\\\/\\\/www.les-balcons.com\\\/en\\\/val-cenis-residence-summer\\\/#breadcrumb\"},\"inLanguage\":\"en-US\",\"potentialAction\":[{\"@type\":\"ReadAction\",\"target\":[\"https:\\\/\\\/www.les-balcons.com\\\/en\\\/val-cenis-residence-summer\\\/\"]}]},{\"@type\":\"BreadcrumbList\",\"@id\":\"https:\\\/\\\/www.les-balcons.com\\\/en\\\/val-cenis-residence-summer\\\/#breadcrumb\",\"itemListElement\":[{\"@type\":\"ListItem\",\"position\":1,\"name\":\"Homepage\",\"item\":\"https:\\\/\\\/www.les-balcons.com\\\/en\\\/fr\\\/\"},{\"@type\":\"ListItem\",\"position\":2,\"name\":\"Val Cenis Residence Summer\"}]},{\"@type\":\"WebSite\",\"@id\":\"https:\\\/\\\/www.les-balcons.com\\\/en\\\/#website\",\"url\":\"https:\\\/\\\/www.les-balcons.com\\\/en\\\/\",\"name\":\"Les Balcons \u2013 R\u00e9sidences et s\u00e9jours Alpes du Nord\",\"description\":\"10 \u00e9tablissements, H\u00f4tel et R\u00e9sidences pour vos vacances \u00e0 la montagne\",\"publisher\":{\"@id\":\"https:\\\/\\\/www.les-balcons.com\\\/en\\\/#organization\"},\"potentialAction\":[{\"@type\":\"SearchAction\",\"target\":{\"@type\":\"EntryPoint\",\"urlTemplate\":\"https:\\\/\\\/www.les-balcons.com\\\/en\\\/?s={search_term_string}\"},\"query-input\":{\"@type\":\"PropertyValueSpecification\",\"valueRequired\":true,\"valueName\":\"search_term_string\"}}],\"inLanguage\":\"en-US\"},{\"@type\":\"Organization\",\"@id\":\"https:\\\/\\\/www.les-balcons.com\\\/en\\\/#organization\",\"name\":\"Les Balcons\",\"url\":\"https:\\\/\\\/www.les-balcons.com\\\/en\\\/\",\"logo\":{\"@type\":\"ImageObject\",\"inLanguage\":\"en-US\",\"@id\":\"https:\\\/\\\/www.les-balcons.com\\\/en\\\/#\\\/schema\\\/logo\\\/image\\\/\",\"url\":\"https:\\\/\\\/les-balcons.com\\\/wp-content\\\/uploads\\\/communs\\\/logos-et-gammes\\\/logo-les-balcons-base.png\",\"contentUrl\":\"https:\\\/\\\/les-balcons.com\\\/wp-content\\\/uploads\\\/communs\\\/logos-et-gammes\\\/logo-les-balcons-base.png\",\"width\":3508,\"height\":2481,\"caption\":\"Les Balcons\"},\"image\":{\"@id\":\"https:\\\/\\\/www.les-balcons.com\\\/en\\\/#\\\/schema\\\/logo\\\/image\\\/\"}}]}<\/script>\n<!-- \/ Yoast SEO plugin. -->","yoast_head_json":{"title":"Val Cenis Residence Summer - Summer holidays in the mountains-accommodation","description":"Your summer holidays in a true mountain village spirit. Many services, two cozy residences suitable for families","robots":{"index":"index","follow":"follow","max-snippet":"max-snippet:-1","max-image-preview":"max-image-preview:large","max-video-preview":"max-video-preview:-1"},"canonical":"https:\/\/www.les-balcons.com\/en\/val-cenis-residence-summer\/","og_locale":"en_US","og_type":"article","og_title":"Val Cenis Residence Summer - Summer holidays in the mountains-accommodation","og_description":"Your summer holidays in a true mountain village spirit. Many services, two cozy residences suitable for families","og_url":"https:\/\/www.les-balcons.com\/en\/val-cenis-residence-summer\/","og_site_name":"Les Balcons \u2013 R\u00e9sidences et s\u00e9jours Alpes du Nord","article_modified_time":"2024-09-17T06:54:20+00:00","twitter_card":"summary_large_image","twitter_misc":{"Est. reading time":"4 minutes"},"schema":{"@context":"https:\/\/schema.org","@graph":[{"@type":"WebPage","@id":"https:\/\/www.les-balcons.com\/en\/val-cenis-residence-summer\/","url":"https:\/\/www.les-balcons.com\/en\/val-cenis-residence-summer\/","name":"Val Cenis Residence Summer - Summer holidays in the mountains-accommodation","isPartOf":{"@id":"https:\/\/www.les-balcons.com\/en\/#website"},"datePublished":"2021-06-21T12:57:11+00:00","dateModified":"2024-09-17T06:54:20+00:00","description":"Your summer holidays in a true mountain village spirit. Many services, two cozy residences suitable for families","breadcrumb":{"@id":"https:\/\/www.les-balcons.com\/en\/val-cenis-residence-summer\/#breadcrumb"},"inLanguage":"en-US","potentialAction":[{"@type":"ReadAction","target":["https:\/\/www.les-balcons.com\/en\/val-cenis-residence-summer\/"]}]},{"@type":"BreadcrumbList","@id":"https:\/\/www.les-balcons.com\/en\/val-cenis-residence-summer\/#breadcrumb","itemListElement":[{"@type":"ListItem","position":1,"name":"Homepage","item":"https:\/\/www.les-balcons.com\/en\/fr\/"},{"@type":"ListItem","position":2,"name":"Val Cenis Residence Summer"}]},{"@type":"WebSite","@id":"https:\/\/www.les-balcons.com\/en\/#website","url":"https:\/\/www.les-balcons.com\/en\/","name":"Les Balcons \u2013 R\u00e9sidences et s\u00e9jours Alpes du Nord","description":"10 \u00e9tablissements, H\u00f4tel et R\u00e9sidences pour vos vacances \u00e0 la montagne","publisher":{"@id":"https:\/\/www.les-balcons.com\/en\/#organization"},"potentialAction":[{"@type":"SearchAction","target":{"@type":"EntryPoint","urlTemplate":"https:\/\/www.les-balcons.com\/en\/?s={search_term_string}"},"query-input":{"@type":"PropertyValueSpecification","valueRequired":true,"valueName":"search_term_string"}}],"inLanguage":"en-US"},{"@type":"Organization","@id":"https:\/\/www.les-balcons.com\/en\/#organization","name":"Les Balcons","url":"https:\/\/www.les-balcons.com\/en\/","logo":{"@type":"ImageObject","inLanguage":"en-US","@id":"https:\/\/www.les-balcons.com\/en\/#\/schema\/logo\/image\/","url":"https:\/\/les-balcons.com\/wp-content\/uploads\/communs\/logos-et-gammes\/logo-les-balcons-base.png","contentUrl":"https:\/\/les-balcons.com\/wp-content\/uploads\/communs\/logos-et-gammes\/logo-les-balcons-base.png","width":3508,"height":2481,"caption":"Les Balcons"},"image":{"@id":"https:\/\/www.les-balcons.com\/en\/#\/schema\/logo\/image\/"}}]}},"uagb_featured_image_src":{"full":false,"thumbnail":false,"medium":false,"medium_large":false,"large":false,"1536x1536":false,"2048x2048":false,"size-365x220":false},"uagb_author_info":{"display_name":"admin_balcons","author_link":"https:\/\/www.les-balcons.com\/en\/author\/admin_balcons\/"},"uagb_comment_info":0,"uagb_excerpt":"Summer is prone to entertainment. It&#8217;s the time of the year when nature thrives. So, enjoy it to have a holiday in the mountains and share unforgettable moments with your love ones. It&#8217;s time for you to discover amazing landscapes, as Val Cenis, savoy resort located in the Haute Maurienne and two steps away from&hellip;","post_mailing_queue_ids":[],"_links":{"self":[{"href":"https:\/\/www.les-balcons.com\/en\/wp-json\/wp\/v2\/pages\/14215","targetHints":{"allow":["GET"]}}],"collection":[{"href":"https:\/\/www.les-balcons.com\/en\/wp-json\/wp\/v2\/pages"}],"about":[{"href":"https:\/\/www.les-balcons.com\/en\/wp-json\/wp\/v2\/types\/page"}],"author":[{"embeddable":true,"href":"https:\/\/www.les-balcons.com\/en\/wp-json\/wp\/v2\/users\/2"}],"replies":[{"embeddable":true,"href":"https:\/\/www.les-balcons.com\/en\/wp-json\/wp\/v2\/comments?post=14215"}],"version-history":[{"count":0,"href":"https:\/\/www.les-balcons.com\/en\/wp-json\/wp\/v2\/pages\/14215\/revisions"}],"wp:attachment":[{"href":"https:\/\/www.les-balcons.com\/en\/wp-json\/wp\/v2\/media?parent=14215"}],"curies":[{"name":"wp","href":"https:\/\/api.w.org\/{rel}","templated":true}]}}

<p>Summer is prone to entertainment. It&#8217;s the time of the year when nature thrives. So, enjoy it to have a holiday in the mountains and share unforgettable moments with your love ones. It&#8217;s time for you to discover amazing landscapes, as Val Cenis, savoy resort located in the Haute Maurienne and two steps away from Italy.<br />
Discover in this article two typical residencies addresses in Val Cenis where it&#8217;s nice to have a relaxing holiday !</p>
<h2>Book your apartment in one of Les Balcons residencies in Val Cenis</h2>
<p>If you want to get away from crowded seaside resorts, away from pollution and tumultuous cities, but mostly get some rest, choose holidays in the mountains with your family this summer. Breathing the fresh air of the mountains will do you good.</p>
<p>It&#8217;s time for you to discover Val Cenis. You can hike in the national park of the Vanoise. You will be seduced by the heritage of the mountain-life like wooden and stone chalet, mountain lakes and gorgeous sunsets on the mountains. You even will be able to gaze at some gorgeous birds, ibex or even marmots. After long hours strolling, the whole family will be able to lay down on a flower field, appreciating the sun rays on your face. Then, you will be able to try visiting some of the historical monuments, alpine farms, where you will learn a bit more about the history and local customs.</p>
<p>Stayin in the mountains during summer have many benefits, but finding easily somewhere to stay is one of the biggest ! Les Balcons are offering you three typical Savoy accommodation possibilities to stay in :</p>
<h3>Les Balcons de Val Cenis Le Haut*** Résidence</h3>
<p>Built in a typically Savoy architecture, this residence offers you a gorgeous view on the Dent Parrachée peak. In a quiet area, close to every shops, you will be able to organize your family get-together in one of the apartments that can welcome up to 14 persons. Comfy, you will enjoy being this well installed in your apartment and the residence also has two saunas and a fitness room. For more relaxation, you also have a free access to the Glière&#8217;s park swimming-pool.</p>
<h3>Les Balcons de Val Cenis Village**** Résidence</h3>
<p>At the feet of the hiking paths starts, this residence have many warm and welcoming apartments. Welcoming up to 16 persons, you will be able to organize your get together with your friends or your family without struggles. An access to Les Balcons Platinium***** Val Cenis residence wellness area allow you to enjoy the pleasure of swimming. You&#8217;ll go back home relaxed like never.</p>
<h3>Les Balcons Platinium***** Val Cenis residence</h3>
<p>Located just near Les Balcons de Val Cenis Village residence is the brand new Les Balcons residence. This 5 star residence (first one in Maurienne, please) is welcoming you for your holidays with your friends or your significant other to enjoy holidays in the mountains. At the feet of the hiking paths start, you&#8217;re in the heart of Lanslevillard village and can enjoy the wide range of activities offered by Lanslevillard while also enjoying the luxury and the serenity of the apartments.</p>
<h4>Go in the mountains this summer with Les Balcons de Val Cenis</h4>
<p>To organize your summer holidays in the mountains, let Les Balcons help you. Our team are at your disposal for any questions and to help you find the perfect solutions between our many housing possibilities.</p>
<p>So, don&#8217;t wait any longer and stay with us in Les Balcons de Val Cenis for a successful summer !</p>
<hr />
<h5 style="text-align: center;"><a href="/en/accommodation-rental-val-cenis-summer/">See all accommodations in Val Cenis</a></h5>
<hr />

<!-- This site is optimized with the Yoast SEO plugin v27.5 - https://yoast.com/product/yoast-seo-wordpress/ -->
<title>Val Cenis Residence Summer - Summer holidays in the mountains-accommodation</title>
<meta name="description" content="Your summer holidays in a true mountain village spirit. Many services, two cozy residences suitable for families" />
<meta name="robots" content="index, follow, max-snippet:-1, max-image-preview:large, max-video-preview:-1" />
<link rel="canonical" href="https://www.les-balcons.com/en/val-cenis-residence-summer/" />
<meta property="og:locale" content="en_US" />
<meta property="og:type" content="article" />
<meta property="og:title" content="Val Cenis Residence Summer - Summer holidays in the mountains-accommodation" />
<meta property="og:description" content="Your summer holidays in a true mountain village spirit. Many services, two cozy residences suitable for families" />
<meta property="og:url" content="https://www.les-balcons.com/en/val-cenis-residence-summer/" />
<meta property="og:site_name" content="Les Balcons – Résidences et séjours Alpes du Nord" />
<meta property="article:modified_time" content="2024-09-17T06:54:20+00:00" />
<meta name="twitter:card" content="summary_large_image" />
<meta name="twitter:label1" content="Est. reading time" />
	<meta name="twitter:data1" content="4 minutes" />
<script type="application/ld+json" class="yoast-schema-graph">{"@context":"https:\/\/schema.org","@graph":[{"@type":"WebPage","@id":"https:\/\/www.les-balcons.com\/en\/val-cenis-residence-summer\/","url":"https:\/\/www.les-balcons.com\/en\/val-cenis-residence-summer\/","name":"Val Cenis Residence Summer - Summer holidays in the mountains-accommodation","isPartOf":{"@id":"https:\/\/www.les-balcons.com\/en\/#website"},"datePublished":"2021-06-21T12:57:11+00:00","dateModified":"2024-09-17T06:54:20+00:00","description":"Your summer holidays in a true mountain village spirit. Many services, two cozy residences suitable for families","breadcrumb":{"@id":"https:\/\/www.les-balcons.com\/en\/val-cenis-residence-summer\/#breadcrumb"},"inLanguage":"en-US","potentialAction":[{"@type":"ReadAction","target":["https:\/\/www.les-balcons.com\/en\/val-cenis-residence-summer\/"]}]},{"@type":"BreadcrumbList","@id":"https:\/\/www.les-balcons.com\/en\/val-cenis-residence-summer\/#breadcrumb","itemListElement":[{"@type":"ListItem","position":1,"name":"Homepage","item":"https:\/\/www.les-balcons.com\/en\/fr\/"},{"@type":"ListItem","position":2,"name":"Val Cenis Residence Summer"}]},{"@type":"WebSite","@id":"https:\/\/www.les-balcons.com\/en\/#website","url":"https:\/\/www.les-balcons.com\/en\/","name":"Les Balcons – Résidences et séjours Alpes du Nord","description":"10 établissements, Hôtel et Résidences pour vos vacances à la montagne","publisher":{"@id":"https:\/\/www.les-balcons.com\/en\/#organization"},"potentialAction":[{"@type":"SearchAction","target":{"@type":"EntryPoint","urlTemplate":"https:\/\/www.les-balcons.com\/en\/?s={search_term_string}"},"query-input":{"@type":"PropertyValueSpecification","valueRequired":true,"valueName":"search_term_string"}}],"inLanguage":"en-US"},{"@type":"Organization","@id":"https:\/\/www.les-balcons.com\/en\/#organization","name":"Les Balcons","url":"https:\/\/www.les-balcons.com\/en\/","logo":{"@type":"ImageObject","inLanguage":"en-US","@id":"https:\/\/www.les-balcons.com\/en\/#\/schema\/logo\/image\/","url":"https:\/\/les-balcons.com\/wp-content\/uploads\/communs\/logos-et-gammes\/logo-les-balcons-base.png","contentUrl":"https:\/\/les-balcons.com\/wp-content\/uploads\/communs\/logos-et-gammes\/logo-les-balcons-base.png","width":3508,"height":2481,"caption":"Les Balcons"},"image":{"@id":"https:\/\/www.les-balcons.com\/en\/#\/schema\/logo\/image\/"}}]}</script>
<!-- / Yoast SEO plugin. -->

Les Balcons – Résidences et séjours Alpes du Nord

10 établissements, Hôtel et Résidences pour vos vacances à la montagne
