{"id":14213,"date":"2021-06-21T12:37:02","date_gmt":"2021-06-21T12:37:02","guid":{"rendered":"https:\/\/www.les-balcons.com\/appartement-val-cenis-2\/"},"modified":"2024-08-27T10:11:07","modified_gmt":"2024-08-27T10:11:07","slug":"val-cenis-apartment-summer","status":"publish","type":"page","link":"https:\/\/www.les-balcons.com\/en\/val-cenis-apartment-summer\/","title":{"rendered":"Val Cenis Apartment"},"content":{"rendered":"<p>This summer you have decided to explore Val Cenis resort and to have a rich stay, full of cultural tour, outdoor activities and regional products ? You need help to find the perfect holiday rental ? With Les Balcons, have a holiday with your family, your loved one or your friends and benefit from many good deals to discover the Haute-Maurienne landscapes.<\/p>\n<h2>A holiday rental close to every savoy place to be<\/h2>\n<p>Trusting Les Balcons for your summer holidays is the best guarantee for you to enjoy a unique and friendly setting. From your apartment of Les Balcons de Val Cenis Village**** residence or Les Balcons de Val Cenis le Haut***, you can access all the activities offered by the resort very easily. Whether it&#8217;s a hike with a guide in the Vanoise National Park, or a bike stroll to the Mont-Cenis pass. You want to relax with your family and try on a new experience ? Have a stroll near the Perrins lakes and let yourself get charmed by those beautiful mountain pastures landscapes of the Vanoise. Enjoy this getaway to discover all of the savoy traditions, the mountain life : Snack at the farm, milking of the cows&#8230;.<\/p>\n<p>All of Les Balcons team are waiting for you to make you live true beautiful moments in Savoy.<\/p>\n<h3>Book an apartment with Les Balcons<\/h3>\n<p>Les Balcons are offering three residencies in Val Cenis resort : Les Balcons de Val Cenis Village**** residence, Les Balcons de Val Cenis le Haut residence*** &amp; Les Balcons Platinium***** Val Cenis. To help you choose between these two, here are a few more informations on the holiday rental :<\/p>\n<h3>Les Balcons de Val Cenis Le Haut*** residence<\/h3>\n<p>Located on a quiet area and offering a nice point of view on the Dent Parrach\u00e9e, the residence has warm apartments that can welcome from 2 to 14 persons. For your well being, enjoy the sauna of the residence and the free access to the Gli\u00e8re&#8217;s park swimming pool.<\/p>\n<h3>Les Balcons de Val Cenis Village**** residence<\/h3>\n<p>Made with 9 typical savoy chalet and located at the feet of the hiking paths, the residence offers cozy and comfy apartments where you will love sharing moments on the balcony. For your wellness, you have access to Les Balcons Platinium***** Val Cenis spa, located just near the front desk of your residence.<\/p>\n<h3>Les Balcons Platinium***** Val Cenis residence<\/h3>\n<p>Brand new 5* residence of Les Balcons group (and the first 5 star residence of Maurienne), this luxury residence is welcoming you with its wide and nicely decorated apartment. Enjoy its wide spaces and luxury equipment to have relaxing and fun holidays in one of the most warmhearted resort of Haute Maurienne Vanoise. The spa and its pool with a glass wall allow you to relax and unwind by the water.<\/p>\n<p>Good deals for your summer holidays in Savoy<br \/>\nThe good deal during your summer vacation in the mountains is to get a beautiful apartment at a soft price. The prices during summer are way nicer than during winter. You can also benefit from many discount like the early booking campain when you book your stay in advance, or the long stay discount for all 2 weeks and more stay !<\/p>\n<p>Treat yourself with summer holidays in the mountains. Pug down your luggage and backpack in your Les Balcons de Val Cenis apartment. Enjoy the numerous activities that you will be able to try : Swimming pool, hiking, mountain bike, horseback riding&#8230;<\/p>\n<hr>\n<h5 style=\"text-align: center;\"><a href=\"\/en\/accommodation-rental-val-cenis-summer\/\">See all accommodations in Val Cenis<\/a><\/h5>\n<hr>\n","protected":false},"excerpt":{"rendered":"<p>This summer you have decided to explore Val Cenis resort and to have a rich stay, full of cultural tour, outdoor activities and regional products ? You need help to find the perfect holiday rental ? With Les Balcons, have a holiday with your family, your loved one or your friends and benefit from many [&hellip;]<\/p>\n","protected":false},"author":2,"featured_media":0,"parent":0,"menu_order":0,"comment_status":"closed","ping_status":"closed","template":"template-heberegements-filtres.php","meta":{"_acf_changed":false,"_uag_custom_page_level_css":"","footnotes":""},"class_list":["post-14213","page","type-page","status-publish","hentry"],"acf":[],"yoast_head":"<!-- This site is optimized with the Yoast SEO plugin v27.5 - https:\/\/yoast.com\/product\/yoast-seo-wordpress\/ -->\n<title>Val Cenis summer holiday apartment rental - Val Cenis accommodation<\/title>\n<meta name=\"description\" content=\"Book your summer stay in Val Cenis in apartments located in the heart of the mountains, numerous services.\" \/>\n<meta name=\"robots\" content=\"index, follow, max-snippet:-1, max-image-preview:large, max-video-preview:-1\" \/>\n<link rel=\"canonical\" href=\"https:\/\/www.les-balcons.com\/en\/val-cenis-apartment-summer\/\" \/>\n<meta property=\"og:locale\" content=\"en_US\" \/>\n<meta property=\"og:type\" content=\"article\" \/>\n<meta property=\"og:title\" content=\"Val Cenis summer holiday apartment rental - Val Cenis accommodation\" \/>\n<meta property=\"og:description\" content=\"Book your summer stay in Val Cenis in apartments located in the heart of the mountains, numerous services.\" \/>\n<meta property=\"og:url\" content=\"https:\/\/www.les-balcons.com\/en\/val-cenis-apartment-summer\/\" \/>\n<meta property=\"og:site_name\" content=\"Les Balcons \u2013 R\u00e9sidences et s\u00e9jours Alpes du Nord\" \/>\n<meta property=\"article:modified_time\" content=\"2024-08-27T10:11:07+00:00\" \/>\n<meta name=\"twitter:card\" content=\"summary_large_image\" \/>\n<meta name=\"twitter:label1\" content=\"Est. reading time\" \/>\n\t<meta name=\"twitter:data1\" content=\"3 minutes\" \/>\n<script type=\"application\/ld+json\" class=\"yoast-schema-graph\">{\"@context\":\"https:\\\/\\\/schema.org\",\"@graph\":[{\"@type\":\"WebPage\",\"@id\":\"https:\\\/\\\/www.les-balcons.com\\\/en\\\/val-cenis-apartment-summer\\\/\",\"url\":\"https:\\\/\\\/www.les-balcons.com\\\/en\\\/val-cenis-apartment-summer\\\/\",\"name\":\"Val Cenis summer holiday apartment rental - Val Cenis accommodation\",\"isPartOf\":{\"@id\":\"https:\\\/\\\/www.les-balcons.com\\\/en\\\/#website\"},\"datePublished\":\"2021-06-21T12:37:02+00:00\",\"dateModified\":\"2024-08-27T10:11:07+00:00\",\"description\":\"Book your summer stay in Val Cenis in apartments located in the heart of the mountains, numerous services.\",\"breadcrumb\":{\"@id\":\"https:\\\/\\\/www.les-balcons.com\\\/en\\\/val-cenis-apartment-summer\\\/#breadcrumb\"},\"inLanguage\":\"en-US\",\"potentialAction\":[{\"@type\":\"ReadAction\",\"target\":[\"https:\\\/\\\/www.les-balcons.com\\\/en\\\/val-cenis-apartment-summer\\\/\"]}]},{\"@type\":\"BreadcrumbList\",\"@id\":\"https:\\\/\\\/www.les-balcons.com\\\/en\\\/val-cenis-apartment-summer\\\/#breadcrumb\",\"itemListElement\":[{\"@type\":\"ListItem\",\"position\":1,\"name\":\"Homepage\",\"item\":\"https:\\\/\\\/www.les-balcons.com\\\/en\\\/fr\\\/\"},{\"@type\":\"ListItem\",\"position\":2,\"name\":\"Val Cenis Apartment\"}]},{\"@type\":\"WebSite\",\"@id\":\"https:\\\/\\\/www.les-balcons.com\\\/en\\\/#website\",\"url\":\"https:\\\/\\\/www.les-balcons.com\\\/en\\\/\",\"name\":\"Les Balcons \u2013 R\u00e9sidences et s\u00e9jours Alpes du Nord\",\"description\":\"10 \u00e9tablissements, H\u00f4tel et R\u00e9sidences pour vos vacances \u00e0 la montagne\",\"publisher\":{\"@id\":\"https:\\\/\\\/www.les-balcons.com\\\/en\\\/#organization\"},\"potentialAction\":[{\"@type\":\"SearchAction\",\"target\":{\"@type\":\"EntryPoint\",\"urlTemplate\":\"https:\\\/\\\/www.les-balcons.com\\\/en\\\/?s={search_term_string}\"},\"query-input\":{\"@type\":\"PropertyValueSpecification\",\"valueRequired\":true,\"valueName\":\"search_term_string\"}}],\"inLanguage\":\"en-US\"},{\"@type\":\"Organization\",\"@id\":\"https:\\\/\\\/www.les-balcons.com\\\/en\\\/#organization\",\"name\":\"Les Balcons\",\"url\":\"https:\\\/\\\/www.les-balcons.com\\\/en\\\/\",\"logo\":{\"@type\":\"ImageObject\",\"inLanguage\":\"en-US\",\"@id\":\"https:\\\/\\\/www.les-balcons.com\\\/en\\\/#\\\/schema\\\/logo\\\/image\\\/\",\"url\":\"https:\\\/\\\/les-balcons.com\\\/wp-content\\\/uploads\\\/communs\\\/logos-et-gammes\\\/logo-les-balcons-base.png\",\"contentUrl\":\"https:\\\/\\\/les-balcons.com\\\/wp-content\\\/uploads\\\/communs\\\/logos-et-gammes\\\/logo-les-balcons-base.png\",\"width\":3508,\"height\":2481,\"caption\":\"Les Balcons\"},\"image\":{\"@id\":\"https:\\\/\\\/www.les-balcons.com\\\/en\\\/#\\\/schema\\\/logo\\\/image\\\/\"}}]}<\/script>\n<!-- \/ Yoast SEO plugin. -->","yoast_head_json":{"title":"Val Cenis summer holiday apartment rental - Val Cenis accommodation","description":"Book your summer stay in Val Cenis in apartments located in the heart of the mountains, numerous services.","robots":{"index":"index","follow":"follow","max-snippet":"max-snippet:-1","max-image-preview":"max-image-preview:large","max-video-preview":"max-video-preview:-1"},"canonical":"https:\/\/www.les-balcons.com\/en\/val-cenis-apartment-summer\/","og_locale":"en_US","og_type":"article","og_title":"Val Cenis summer holiday apartment rental - Val Cenis accommodation","og_description":"Book your summer stay in Val Cenis in apartments located in the heart of the mountains, numerous services.","og_url":"https:\/\/www.les-balcons.com\/en\/val-cenis-apartment-summer\/","og_site_name":"Les Balcons \u2013 R\u00e9sidences et s\u00e9jours Alpes du Nord","article_modified_time":"2024-08-27T10:11:07+00:00","twitter_card":"summary_large_image","twitter_misc":{"Est. reading time":"3 minutes"},"schema":{"@context":"https:\/\/schema.org","@graph":[{"@type":"WebPage","@id":"https:\/\/www.les-balcons.com\/en\/val-cenis-apartment-summer\/","url":"https:\/\/www.les-balcons.com\/en\/val-cenis-apartment-summer\/","name":"Val Cenis summer holiday apartment rental - Val Cenis accommodation","isPartOf":{"@id":"https:\/\/www.les-balcons.com\/en\/#website"},"datePublished":"2021-06-21T12:37:02+00:00","dateModified":"2024-08-27T10:11:07+00:00","description":"Book your summer stay in Val Cenis in apartments located in the heart of the mountains, numerous services.","breadcrumb":{"@id":"https:\/\/www.les-balcons.com\/en\/val-cenis-apartment-summer\/#breadcrumb"},"inLanguage":"en-US","potentialAction":[{"@type":"ReadAction","target":["https:\/\/www.les-balcons.com\/en\/val-cenis-apartment-summer\/"]}]},{"@type":"BreadcrumbList","@id":"https:\/\/www.les-balcons.com\/en\/val-cenis-apartment-summer\/#breadcrumb","itemListElement":[{"@type":"ListItem","position":1,"name":"Homepage","item":"https:\/\/www.les-balcons.com\/en\/fr\/"},{"@type":"ListItem","position":2,"name":"Val Cenis Apartment"}]},{"@type":"WebSite","@id":"https:\/\/www.les-balcons.com\/en\/#website","url":"https:\/\/www.les-balcons.com\/en\/","name":"Les Balcons \u2013 R\u00e9sidences et s\u00e9jours Alpes du Nord","description":"10 \u00e9tablissements, H\u00f4tel et R\u00e9sidences pour vos vacances \u00e0 la montagne","publisher":{"@id":"https:\/\/www.les-balcons.com\/en\/#organization"},"potentialAction":[{"@type":"SearchAction","target":{"@type":"EntryPoint","urlTemplate":"https:\/\/www.les-balcons.com\/en\/?s={search_term_string}"},"query-input":{"@type":"PropertyValueSpecification","valueRequired":true,"valueName":"search_term_string"}}],"inLanguage":"en-US"},{"@type":"Organization","@id":"https:\/\/www.les-balcons.com\/en\/#organization","name":"Les Balcons","url":"https:\/\/www.les-balcons.com\/en\/","logo":{"@type":"ImageObject","inLanguage":"en-US","@id":"https:\/\/www.les-balcons.com\/en\/#\/schema\/logo\/image\/","url":"https:\/\/les-balcons.com\/wp-content\/uploads\/communs\/logos-et-gammes\/logo-les-balcons-base.png","contentUrl":"https:\/\/les-balcons.com\/wp-content\/uploads\/communs\/logos-et-gammes\/logo-les-balcons-base.png","width":3508,"height":2481,"caption":"Les Balcons"},"image":{"@id":"https:\/\/www.les-balcons.com\/en\/#\/schema\/logo\/image\/"}}]}},"uagb_featured_image_src":{"full":false,"thumbnail":false,"medium":false,"medium_large":false,"large":false,"1536x1536":false,"2048x2048":false,"size-365x220":false},"uagb_author_info":{"display_name":"admin_balcons","author_link":"https:\/\/www.les-balcons.com\/en\/author\/admin_balcons\/"},"uagb_comment_info":0,"uagb_excerpt":"This summer you have decided to explore Val Cenis resort and to have a rich stay, full of cultural tour, outdoor activities and regional products ? You need help to find the perfect holiday rental ? With Les Balcons, have a holiday with your family, your loved one or your friends and benefit from many&hellip;","post_mailing_queue_ids":[],"_links":{"self":[{"href":"https:\/\/www.les-balcons.com\/en\/wp-json\/wp\/v2\/pages\/14213","targetHints":{"allow":["GET"]}}],"collection":[{"href":"https:\/\/www.les-balcons.com\/en\/wp-json\/wp\/v2\/pages"}],"about":[{"href":"https:\/\/www.les-balcons.com\/en\/wp-json\/wp\/v2\/types\/page"}],"author":[{"embeddable":true,"href":"https:\/\/www.les-balcons.com\/en\/wp-json\/wp\/v2\/users\/2"}],"replies":[{"embeddable":true,"href":"https:\/\/www.les-balcons.com\/en\/wp-json\/wp\/v2\/comments?post=14213"}],"version-history":[{"count":0,"href":"https:\/\/www.les-balcons.com\/en\/wp-json\/wp\/v2\/pages\/14213\/revisions"}],"wp:attachment":[{"href":"https:\/\/www.les-balcons.com\/en\/wp-json\/wp\/v2\/media?parent=14213"}],"curies":[{"name":"wp","href":"https:\/\/api.w.org\/{rel}","templated":true}]}}

<p>This summer you have decided to explore Val Cenis resort and to have a rich stay, full of cultural tour, outdoor activities and regional products ? You need help to find the perfect holiday rental ? With Les Balcons, have a holiday with your family, your loved one or your friends and benefit from many good deals to discover the Haute-Maurienne landscapes.</p>
<h2>A holiday rental close to every savoy place to be</h2>
<p>Trusting Les Balcons for your summer holidays is the best guarantee for you to enjoy a unique and friendly setting. From your apartment of Les Balcons de Val Cenis Village**** residence or Les Balcons de Val Cenis le Haut***, you can access all the activities offered by the resort very easily. Whether it&#8217;s a hike with a guide in the Vanoise National Park, or a bike stroll to the Mont-Cenis pass. You want to relax with your family and try on a new experience ? Have a stroll near the Perrins lakes and let yourself get charmed by those beautiful mountain pastures landscapes of the Vanoise. Enjoy this getaway to discover all of the savoy traditions, the mountain life : Snack at the farm, milking of the cows&#8230;.</p>
<p>All of Les Balcons team are waiting for you to make you live true beautiful moments in Savoy.</p>
<h3>Book an apartment with Les Balcons</h3>
<p>Les Balcons are offering three residencies in Val Cenis resort : Les Balcons de Val Cenis Village**** residence, Les Balcons de Val Cenis le Haut residence*** &amp; Les Balcons Platinium***** Val Cenis. To help you choose between these two, here are a few more informations on the holiday rental :</p>
<h3>Les Balcons de Val Cenis Le Haut*** residence</h3>
<p>Located on a quiet area and offering a nice point of view on the Dent Parrachée, the residence has warm apartments that can welcome from 2 to 14 persons. For your well being, enjoy the sauna of the residence and the free access to the Glière&#8217;s park swimming pool.</p>
<h3>Les Balcons de Val Cenis Village**** residence</h3>
<p>Made with 9 typical savoy chalet and located at the feet of the hiking paths, the residence offers cozy and comfy apartments where you will love sharing moments on the balcony. For your wellness, you have access to Les Balcons Platinium***** Val Cenis spa, located just near the front desk of your residence.</p>
<h3>Les Balcons Platinium***** Val Cenis residence</h3>
<p>Brand new 5* residence of Les Balcons group (and the first 5 star residence of Maurienne), this luxury residence is welcoming you with its wide and nicely decorated apartment. Enjoy its wide spaces and luxury equipment to have relaxing and fun holidays in one of the most warmhearted resort of Haute Maurienne Vanoise. The spa and its pool with a glass wall allow you to relax and unwind by the water.</p>
<p>Good deals for your summer holidays in Savoy<br />
The good deal during your summer vacation in the mountains is to get a beautiful apartment at a soft price. The prices during summer are way nicer than during winter. You can also benefit from many discount like the early booking campain when you book your stay in advance, or the long stay discount for all 2 weeks and more stay !</p>
<p>Treat yourself with summer holidays in the mountains. Pug down your luggage and backpack in your Les Balcons de Val Cenis apartment. Enjoy the numerous activities that you will be able to try : Swimming pool, hiking, mountain bike, horseback riding&#8230;</p>
<hr>
<h5 style="text-align: center;"><a href="/en/accommodation-rental-val-cenis-summer/">See all accommodations in Val Cenis</a></h5>
<hr>

<!-- This site is optimized with the Yoast SEO plugin v27.5 - https://yoast.com/product/yoast-seo-wordpress/ -->
<title>Val Cenis summer holiday apartment rental - Val Cenis accommodation</title>
<meta name="description" content="Book your summer stay in Val Cenis in apartments located in the heart of the mountains, numerous services." />
<meta name="robots" content="index, follow, max-snippet:-1, max-image-preview:large, max-video-preview:-1" />
<link rel="canonical" href="https://www.les-balcons.com/en/val-cenis-apartment-summer/" />
<meta property="og:locale" content="en_US" />
<meta property="og:type" content="article" />
<meta property="og:title" content="Val Cenis summer holiday apartment rental - Val Cenis accommodation" />
<meta property="og:description" content="Book your summer stay in Val Cenis in apartments located in the heart of the mountains, numerous services." />
<meta property="og:url" content="https://www.les-balcons.com/en/val-cenis-apartment-summer/" />
<meta property="og:site_name" content="Les Balcons – Résidences et séjours Alpes du Nord" />
<meta property="article:modified_time" content="2024-08-27T10:11:07+00:00" />
<meta name="twitter:card" content="summary_large_image" />
<meta name="twitter:label1" content="Est. reading time" />
	<meta name="twitter:data1" content="3 minutes" />
<script type="application/ld+json" class="yoast-schema-graph">{"@context":"https:\/\/schema.org","@graph":[{"@type":"WebPage","@id":"https:\/\/www.les-balcons.com\/en\/val-cenis-apartment-summer\/","url":"https:\/\/www.les-balcons.com\/en\/val-cenis-apartment-summer\/","name":"Val Cenis summer holiday apartment rental - Val Cenis accommodation","isPartOf":{"@id":"https:\/\/www.les-balcons.com\/en\/#website"},"datePublished":"2021-06-21T12:37:02+00:00","dateModified":"2024-08-27T10:11:07+00:00","description":"Book your summer stay in Val Cenis in apartments located in the heart of the mountains, numerous services.","breadcrumb":{"@id":"https:\/\/www.les-balcons.com\/en\/val-cenis-apartment-summer\/#breadcrumb"},"inLanguage":"en-US","potentialAction":[{"@type":"ReadAction","target":["https:\/\/www.les-balcons.com\/en\/val-cenis-apartment-summer\/"]}]},{"@type":"BreadcrumbList","@id":"https:\/\/www.les-balcons.com\/en\/val-cenis-apartment-summer\/#breadcrumb","itemListElement":[{"@type":"ListItem","position":1,"name":"Homepage","item":"https:\/\/www.les-balcons.com\/en\/fr\/"},{"@type":"ListItem","position":2,"name":"Val Cenis Apartment"}]},{"@type":"WebSite","@id":"https:\/\/www.les-balcons.com\/en\/#website","url":"https:\/\/www.les-balcons.com\/en\/","name":"Les Balcons – Résidences et séjours Alpes du Nord","description":"10 établissements, Hôtel et Résidences pour vos vacances à la montagne","publisher":{"@id":"https:\/\/www.les-balcons.com\/en\/#organization"},"potentialAction":[{"@type":"SearchAction","target":{"@type":"EntryPoint","urlTemplate":"https:\/\/www.les-balcons.com\/en\/?s={search_term_string}"},"query-input":{"@type":"PropertyValueSpecification","valueRequired":true,"valueName":"search_term_string"}}],"inLanguage":"en-US"},{"@type":"Organization","@id":"https:\/\/www.les-balcons.com\/en\/#organization","name":"Les Balcons","url":"https:\/\/www.les-balcons.com\/en\/","logo":{"@type":"ImageObject","inLanguage":"en-US","@id":"https:\/\/www.les-balcons.com\/en\/#\/schema\/logo\/image\/","url":"https:\/\/les-balcons.com\/wp-content\/uploads\/communs\/logos-et-gammes\/logo-les-balcons-base.png","contentUrl":"https:\/\/les-balcons.com\/wp-content\/uploads\/communs\/logos-et-gammes\/logo-les-balcons-base.png","width":3508,"height":2481,"caption":"Les Balcons"},"image":{"@id":"https:\/\/www.les-balcons.com\/en\/#\/schema\/logo\/image\/"}}]}</script>
<!-- / Yoast SEO plugin. -->

Les Balcons – Résidences et séjours Alpes du Nord

10 établissements, Hôtel et Résidences pour vos vacances à la montagne
