{"id":11915,"date":"2020-01-13T09:01:51","date_gmt":"2020-01-13T09:01:51","guid":{"rendered":"https:\/\/www.les-balcons.com\/hotel-les-balcons-village-galerie\/"},"modified":"2024-08-27T11:56:29","modified_gmt":"2024-08-27T11:56:29","slug":"hotel-les-balcons-village-galery","status":"publish","type":"page","link":"https:\/\/www.les-balcons.com\/en\/hotel-les-balcons-village-galery\/","title":{"rendered":"Hotel Les Balcons Village"},"content":{"rendered":"","protected":false},"excerpt":{"rendered":"<p>hotel les balcons village galery<\/p>\n","protected":false},"author":2,"featured_media":5803,"parent":0,"menu_order":0,"comment_status":"closed","ping_status":"closed","template":"template-galleries.php","meta":{"_acf_changed":false,"_uag_custom_page_level_css":"","footnotes":""},"class_list":["post-11915","page","type-page","status-publish","has-post-thumbnail","hentry"],"acf":[],"yoast_head":"<!-- This site is optimized with the Yoast SEO plugin v27.5 - https:\/\/yoast.com\/product\/yoast-seo-wordpress\/ -->\n<title>Hotel Les Balcons Village<\/title>\n<meta name=\"description\" content=\"hotel les balcons village galery\" \/>\n<meta name=\"robots\" content=\"noindex, nofollow\" \/>\n<meta property=\"og:locale\" content=\"en_US\" \/>\n<meta property=\"og:type\" content=\"article\" \/>\n<meta property=\"og:title\" content=\"Hotel Les Balcons Village\" \/>\n<meta property=\"og:description\" content=\"hotel les balcons village galery\" \/>\n<meta property=\"og:url\" content=\"https:\/\/www.les-balcons.com\/en\/hotel-les-balcons-village-galery\/\" \/>\n<meta property=\"og:site_name\" content=\"Les Balcons \u2013 R\u00e9sidences et s\u00e9jours Alpes du Nord\" \/>\n<meta property=\"article:modified_time\" content=\"2024-08-27T11:56:29+00:00\" \/>\n<meta property=\"og:image\" content=\"https:\/\/www.les-balcons.com\/wp-content\/uploads\/hiver\/hbv\/categories-galeries\/lhotel\/2-hbp-categorie-photo-heb-hiver-lhotel-1.jpg\" \/>\n\t<meta property=\"og:image:width\" content=\"2048\" \/>\n\t<meta property=\"og:image:height\" content=\"1365\" \/>\n\t<meta property=\"og:image:type\" content=\"image\/jpeg\" \/>\n<meta name=\"twitter:card\" content=\"summary_large_image\" \/>\n<script type=\"application\/ld+json\" class=\"yoast-schema-graph\">{\"@context\":\"https:\\\/\\\/schema.org\",\"@graph\":[{\"@type\":\"WebPage\",\"@id\":\"https:\\\/\\\/www.les-balcons.com\\\/en\\\/hotel-les-balcons-village-galery\\\/\",\"url\":\"https:\\\/\\\/www.les-balcons.com\\\/en\\\/hotel-les-balcons-village-galery\\\/\",\"name\":\"Hotel Les Balcons Village\",\"isPartOf\":{\"@id\":\"https:\\\/\\\/www.les-balcons.com\\\/en\\\/#website\"},\"primaryImageOfPage\":{\"@id\":\"https:\\\/\\\/www.les-balcons.com\\\/en\\\/hotel-les-balcons-village-galery\\\/#primaryimage\"},\"image\":{\"@id\":\"https:\\\/\\\/www.les-balcons.com\\\/en\\\/hotel-les-balcons-village-galery\\\/#primaryimage\"},\"thumbnailUrl\":\"https:\\\/\\\/www.les-balcons.com\\\/wp-content\\\/uploads\\\/hiver\\\/hbv\\\/categories-galeries\\\/lhotel\\\/2-hbp-categorie-photo-heb-hiver-lhotel-1.jpg\",\"datePublished\":\"2020-01-13T09:01:51+00:00\",\"dateModified\":\"2024-08-27T11:56:29+00:00\",\"description\":\"hotel les balcons village galery\",\"breadcrumb\":{\"@id\":\"https:\\\/\\\/www.les-balcons.com\\\/en\\\/hotel-les-balcons-village-galery\\\/#breadcrumb\"},\"inLanguage\":\"en-US\",\"potentialAction\":[{\"@type\":\"ReadAction\",\"target\":[\"https:\\\/\\\/www.les-balcons.com\\\/en\\\/hotel-les-balcons-village-galery\\\/\"]}]},{\"@type\":\"ImageObject\",\"inLanguage\":\"en-US\",\"@id\":\"https:\\\/\\\/www.les-balcons.com\\\/en\\\/hotel-les-balcons-village-galery\\\/#primaryimage\",\"url\":\"https:\\\/\\\/www.les-balcons.com\\\/wp-content\\\/uploads\\\/hiver\\\/hbv\\\/categories-galeries\\\/lhotel\\\/2-hbp-categorie-photo-heb-hiver-lhotel-1.jpg\",\"contentUrl\":\"https:\\\/\\\/www.les-balcons.com\\\/wp-content\\\/uploads\\\/hiver\\\/hbv\\\/categories-galeries\\\/lhotel\\\/2-hbp-categorie-photo-heb-hiver-lhotel-1.jpg\",\"width\":2048,\"height\":1365,\"caption\":\"Fa\u00e7ade h\u00f4tel les balcons village\"},{\"@type\":\"BreadcrumbList\",\"@id\":\"https:\\\/\\\/www.les-balcons.com\\\/en\\\/hotel-les-balcons-village-galery\\\/#breadcrumb\",\"itemListElement\":[{\"@type\":\"ListItem\",\"position\":1,\"name\":\"Homepage\",\"item\":\"https:\\\/\\\/www.les-balcons.com\\\/en\\\/fr\\\/\"},{\"@type\":\"ListItem\",\"position\":2,\"name\":\"Hotel Les Balcons Village\"}]},{\"@type\":\"WebSite\",\"@id\":\"https:\\\/\\\/www.les-balcons.com\\\/en\\\/#website\",\"url\":\"https:\\\/\\\/www.les-balcons.com\\\/en\\\/\",\"name\":\"Les Balcons \u2013 R\u00e9sidences et s\u00e9jours Alpes du Nord\",\"description\":\"10 \u00e9tablissements, H\u00f4tel et R\u00e9sidences pour vos vacances \u00e0 la montagne\",\"publisher\":{\"@id\":\"https:\\\/\\\/www.les-balcons.com\\\/en\\\/#organization\"},\"potentialAction\":[{\"@type\":\"SearchAction\",\"target\":{\"@type\":\"EntryPoint\",\"urlTemplate\":\"https:\\\/\\\/www.les-balcons.com\\\/en\\\/?s={search_term_string}\"},\"query-input\":{\"@type\":\"PropertyValueSpecification\",\"valueRequired\":true,\"valueName\":\"search_term_string\"}}],\"inLanguage\":\"en-US\"},{\"@type\":\"Organization\",\"@id\":\"https:\\\/\\\/www.les-balcons.com\\\/en\\\/#organization\",\"name\":\"Les Balcons\",\"url\":\"https:\\\/\\\/www.les-balcons.com\\\/en\\\/\",\"logo\":{\"@type\":\"ImageObject\",\"inLanguage\":\"en-US\",\"@id\":\"https:\\\/\\\/www.les-balcons.com\\\/en\\\/#\\\/schema\\\/logo\\\/image\\\/\",\"url\":\"https:\\\/\\\/les-balcons.com\\\/wp-content\\\/uploads\\\/communs\\\/logos-et-gammes\\\/logo-les-balcons-base.png\",\"contentUrl\":\"https:\\\/\\\/les-balcons.com\\\/wp-content\\\/uploads\\\/communs\\\/logos-et-gammes\\\/logo-les-balcons-base.png\",\"width\":3508,\"height\":2481,\"caption\":\"Les Balcons\"},\"image\":{\"@id\":\"https:\\\/\\\/www.les-balcons.com\\\/en\\\/#\\\/schema\\\/logo\\\/image\\\/\"}}]}<\/script>\n<!-- \/ Yoast SEO plugin. -->","yoast_head_json":{"title":"Hotel Les Balcons Village","description":"hotel les balcons village galery","robots":{"index":"noindex","follow":"nofollow"},"og_locale":"en_US","og_type":"article","og_title":"Hotel Les Balcons Village","og_description":"hotel les balcons village galery","og_url":"https:\/\/www.les-balcons.com\/en\/hotel-les-balcons-village-galery\/","og_site_name":"Les Balcons \u2013 R\u00e9sidences et s\u00e9jours Alpes du Nord","article_modified_time":"2024-08-27T11:56:29+00:00","og_image":[{"width":2048,"height":1365,"url":"https:\/\/www.les-balcons.com\/wp-content\/uploads\/hiver\/hbv\/categories-galeries\/lhotel\/2-hbp-categorie-photo-heb-hiver-lhotel-1.jpg","type":"image\/jpeg"}],"twitter_card":"summary_large_image","schema":{"@context":"https:\/\/schema.org","@graph":[{"@type":"WebPage","@id":"https:\/\/www.les-balcons.com\/en\/hotel-les-balcons-village-galery\/","url":"https:\/\/www.les-balcons.com\/en\/hotel-les-balcons-village-galery\/","name":"Hotel Les Balcons Village","isPartOf":{"@id":"https:\/\/www.les-balcons.com\/en\/#website"},"primaryImageOfPage":{"@id":"https:\/\/www.les-balcons.com\/en\/hotel-les-balcons-village-galery\/#primaryimage"},"image":{"@id":"https:\/\/www.les-balcons.com\/en\/hotel-les-balcons-village-galery\/#primaryimage"},"thumbnailUrl":"https:\/\/www.les-balcons.com\/wp-content\/uploads\/hiver\/hbv\/categories-galeries\/lhotel\/2-hbp-categorie-photo-heb-hiver-lhotel-1.jpg","datePublished":"2020-01-13T09:01:51+00:00","dateModified":"2024-08-27T11:56:29+00:00","description":"hotel les balcons village galery","breadcrumb":{"@id":"https:\/\/www.les-balcons.com\/en\/hotel-les-balcons-village-galery\/#breadcrumb"},"inLanguage":"en-US","potentialAction":[{"@type":"ReadAction","target":["https:\/\/www.les-balcons.com\/en\/hotel-les-balcons-village-galery\/"]}]},{"@type":"ImageObject","inLanguage":"en-US","@id":"https:\/\/www.les-balcons.com\/en\/hotel-les-balcons-village-galery\/#primaryimage","url":"https:\/\/www.les-balcons.com\/wp-content\/uploads\/hiver\/hbv\/categories-galeries\/lhotel\/2-hbp-categorie-photo-heb-hiver-lhotel-1.jpg","contentUrl":"https:\/\/www.les-balcons.com\/wp-content\/uploads\/hiver\/hbv\/categories-galeries\/lhotel\/2-hbp-categorie-photo-heb-hiver-lhotel-1.jpg","width":2048,"height":1365,"caption":"Fa\u00e7ade h\u00f4tel les balcons village"},{"@type":"BreadcrumbList","@id":"https:\/\/www.les-balcons.com\/en\/hotel-les-balcons-village-galery\/#breadcrumb","itemListElement":[{"@type":"ListItem","position":1,"name":"Homepage","item":"https:\/\/www.les-balcons.com\/en\/fr\/"},{"@type":"ListItem","position":2,"name":"Hotel Les Balcons Village"}]},{"@type":"WebSite","@id":"https:\/\/www.les-balcons.com\/en\/#website","url":"https:\/\/www.les-balcons.com\/en\/","name":"Les Balcons \u2013 R\u00e9sidences et s\u00e9jours Alpes du Nord","description":"10 \u00e9tablissements, H\u00f4tel et R\u00e9sidences pour vos vacances \u00e0 la montagne","publisher":{"@id":"https:\/\/www.les-balcons.com\/en\/#organization"},"potentialAction":[{"@type":"SearchAction","target":{"@type":"EntryPoint","urlTemplate":"https:\/\/www.les-balcons.com\/en\/?s={search_term_string}"},"query-input":{"@type":"PropertyValueSpecification","valueRequired":true,"valueName":"search_term_string"}}],"inLanguage":"en-US"},{"@type":"Organization","@id":"https:\/\/www.les-balcons.com\/en\/#organization","name":"Les Balcons","url":"https:\/\/www.les-balcons.com\/en\/","logo":{"@type":"ImageObject","inLanguage":"en-US","@id":"https:\/\/www.les-balcons.com\/en\/#\/schema\/logo\/image\/","url":"https:\/\/les-balcons.com\/wp-content\/uploads\/communs\/logos-et-gammes\/logo-les-balcons-base.png","contentUrl":"https:\/\/les-balcons.com\/wp-content\/uploads\/communs\/logos-et-gammes\/logo-les-balcons-base.png","width":3508,"height":2481,"caption":"Les Balcons"},"image":{"@id":"https:\/\/www.les-balcons.com\/en\/#\/schema\/logo\/image\/"}}]}},"uagb_featured_image_src":{"full":["https:\/\/www.les-balcons.com\/wp-content\/uploads\/hiver\/hbv\/categories-galeries\/lhotel\/2-hbp-categorie-photo-heb-hiver-lhotel-1.jpg",2048,1365,false],"thumbnail":["https:\/\/www.les-balcons.com\/wp-content\/uploads\/hiver\/hbv\/categories-galeries\/lhotel\/2-hbp-categorie-photo-heb-hiver-lhotel-1-150x150.jpg",150,150,true],"medium":["https:\/\/www.les-balcons.com\/wp-content\/uploads\/hiver\/hbv\/categories-galeries\/lhotel\/2-hbp-categorie-photo-heb-hiver-lhotel-1-300x200.jpg",300,200,true],"medium_large":["https:\/\/www.les-balcons.com\/wp-content\/uploads\/hiver\/hbv\/categories-galeries\/lhotel\/2-hbp-categorie-photo-heb-hiver-lhotel-1-768x512.jpg",768,512,true],"large":["https:\/\/www.les-balcons.com\/wp-content\/uploads\/hiver\/hbv\/categories-galeries\/lhotel\/2-hbp-categorie-photo-heb-hiver-lhotel-1-1024x683.jpg",1024,683,true],"1536x1536":["https:\/\/www.les-balcons.com\/wp-content\/uploads\/hiver\/hbv\/categories-galeries\/lhotel\/2-hbp-categorie-photo-heb-hiver-lhotel-1-1536x1024.jpg",1536,1024,true],"2048x2048":["https:\/\/www.les-balcons.com\/wp-content\/uploads\/hiver\/hbv\/categories-galeries\/lhotel\/2-hbp-categorie-photo-heb-hiver-lhotel-1.jpg",2048,1365,false],"size-365x220":["https:\/\/www.les-balcons.com\/wp-content\/uploads\/hiver\/hbv\/categories-galeries\/lhotel\/2-hbp-categorie-photo-heb-hiver-lhotel-1-365x220.jpg",365,220,true]},"uagb_author_info":{"display_name":"admin_balcons","author_link":"https:\/\/www.les-balcons.com\/en\/author\/admin_balcons\/"},"uagb_comment_info":0,"uagb_excerpt":"hotel les balcons village galery","post_mailing_queue_ids":[],"_links":{"self":[{"href":"https:\/\/www.les-balcons.com\/en\/wp-json\/wp\/v2\/pages\/11915","targetHints":{"allow":["GET"]}}],"collection":[{"href":"https:\/\/www.les-balcons.com\/en\/wp-json\/wp\/v2\/pages"}],"about":[{"href":"https:\/\/www.les-balcons.com\/en\/wp-json\/wp\/v2\/types\/page"}],"author":[{"embeddable":true,"href":"https:\/\/www.les-balcons.com\/en\/wp-json\/wp\/v2\/users\/2"}],"replies":[{"embeddable":true,"href":"https:\/\/www.les-balcons.com\/en\/wp-json\/wp\/v2\/comments?post=11915"}],"version-history":[{"count":0,"href":"https:\/\/www.les-balcons.com\/en\/wp-json\/wp\/v2\/pages\/11915\/revisions"}],"wp:featuredmedia":[{"embeddable":true,"href":"https:\/\/www.les-balcons.com\/en\/wp-json\/wp\/v2\/media\/5803"}],"wp:attachment":[{"href":"https:\/\/www.les-balcons.com\/en\/wp-json\/wp\/v2\/media?parent=11915"}],"curies":[{"name":"wp","href":"https:\/\/api.w.org\/{rel}","templated":true}]}}

<!-- This site is optimized with the Yoast SEO plugin v27.5 - https://yoast.com/product/yoast-seo-wordpress/ -->
<title>Hotel Les Balcons Village</title>
<meta name="description" content="hotel les balcons village galery" />
<meta name="robots" content="noindex, nofollow" />
<meta property="og:locale" content="en_US" />
<meta property="og:type" content="article" />
<meta property="og:title" content="Hotel Les Balcons Village" />
<meta property="og:description" content="hotel les balcons village galery" />
<meta property="og:url" content="https://www.les-balcons.com/en/hotel-les-balcons-village-galery/" />
<meta property="og:site_name" content="Les Balcons – Résidences et séjours Alpes du Nord" />
<meta property="article:modified_time" content="2024-08-27T11:56:29+00:00" />
<meta property="og:image" content="https://www.les-balcons.com/wp-content/uploads/hiver/hbv/categories-galeries/lhotel/2-hbp-categorie-photo-heb-hiver-lhotel-1.jpg" />
	<meta property="og:image:width" content="2048" />
	<meta property="og:image:height" content="1365" />
	<meta property="og:image:type" content="image/jpeg" />
<meta name="twitter:card" content="summary_large_image" />
<script type="application/ld+json" class="yoast-schema-graph">{"@context":"https:\/\/schema.org","@graph":[{"@type":"WebPage","@id":"https:\/\/www.les-balcons.com\/en\/hotel-les-balcons-village-galery\/","url":"https:\/\/www.les-balcons.com\/en\/hotel-les-balcons-village-galery\/","name":"Hotel Les Balcons Village","isPartOf":{"@id":"https:\/\/www.les-balcons.com\/en\/#website"},"primaryImageOfPage":{"@id":"https:\/\/www.les-balcons.com\/en\/hotel-les-balcons-village-galery\/#primaryimage"},"image":{"@id":"https:\/\/www.les-balcons.com\/en\/hotel-les-balcons-village-galery\/#primaryimage"},"thumbnailUrl":"https:\/\/www.les-balcons.com\/wp-content\/uploads\/hiver\/hbv\/categories-galeries\/lhotel\/2-hbp-categorie-photo-heb-hiver-lhotel-1.jpg","datePublished":"2020-01-13T09:01:51+00:00","dateModified":"2024-08-27T11:56:29+00:00","description":"hotel les balcons village galery","breadcrumb":{"@id":"https:\/\/www.les-balcons.com\/en\/hotel-les-balcons-village-galery\/#breadcrumb"},"inLanguage":"en-US","potentialAction":[{"@type":"ReadAction","target":["https:\/\/www.les-balcons.com\/en\/hotel-les-balcons-village-galery\/"]}]},{"@type":"ImageObject","inLanguage":"en-US","@id":"https:\/\/www.les-balcons.com\/en\/hotel-les-balcons-village-galery\/#primaryimage","url":"https:\/\/www.les-balcons.com\/wp-content\/uploads\/hiver\/hbv\/categories-galeries\/lhotel\/2-hbp-categorie-photo-heb-hiver-lhotel-1.jpg","contentUrl":"https:\/\/www.les-balcons.com\/wp-content\/uploads\/hiver\/hbv\/categories-galeries\/lhotel\/2-hbp-categorie-photo-heb-hiver-lhotel-1.jpg","width":2048,"height":1365,"caption":"Façade hôtel les balcons village"},{"@type":"BreadcrumbList","@id":"https:\/\/www.les-balcons.com\/en\/hotel-les-balcons-village-galery\/#breadcrumb","itemListElement":[{"@type":"ListItem","position":1,"name":"Homepage","item":"https:\/\/www.les-balcons.com\/en\/fr\/"},{"@type":"ListItem","position":2,"name":"Hotel Les Balcons Village"}]},{"@type":"WebSite","@id":"https:\/\/www.les-balcons.com\/en\/#website","url":"https:\/\/www.les-balcons.com\/en\/","name":"Les Balcons – Résidences et séjours Alpes du Nord","description":"10 établissements, Hôtel et Résidences pour vos vacances à la montagne","publisher":{"@id":"https:\/\/www.les-balcons.com\/en\/#organization"},"potentialAction":[{"@type":"SearchAction","target":{"@type":"EntryPoint","urlTemplate":"https:\/\/www.les-balcons.com\/en\/?s={search_term_string}"},"query-input":{"@type":"PropertyValueSpecification","valueRequired":true,"valueName":"search_term_string"}}],"inLanguage":"en-US"},{"@type":"Organization","@id":"https:\/\/www.les-balcons.com\/en\/#organization","name":"Les Balcons","url":"https:\/\/www.les-balcons.com\/en\/","logo":{"@type":"ImageObject","inLanguage":"en-US","@id":"https:\/\/www.les-balcons.com\/en\/#\/schema\/logo\/image\/","url":"https:\/\/les-balcons.com\/wp-content\/uploads\/communs\/logos-et-gammes\/logo-les-balcons-base.png","contentUrl":"https:\/\/les-balcons.com\/wp-content\/uploads\/communs\/logos-et-gammes\/logo-les-balcons-base.png","width":3508,"height":2481,"caption":"Les Balcons"},"image":{"@id":"https:\/\/www.les-balcons.com\/en\/#\/schema\/logo\/image\/"}}]}</script>
<!-- / Yoast SEO plugin. -->

Les Balcons – Résidences et séjours Alpes du Nord

Façade hôtel les balcons village

10 établissements, Hôtel et Résidences pour vos vacances à la montagne
